. Calculate the greatest common divisor of i and 1.
1
Let f(h) = 2*h**3 + 37*h**2 + 19*h - 79. Let j be f(-17). Calculate the highest common divisor of j and 30.
15
Suppose 9*g - 13*g = -308. Suppose 644 = -g*x + 81*x. What is the greatest common divisor of 23 and x?
23
Let x = 58 - -42. What is the highest common divisor of x and 80?
20
Let i be (-2)/16 + 9009/264. What is the greatest common factor of 85 and i?
17
Suppose 273*a = 270*a + 408. Calculate the highest common factor of a and 8.
8
Suppose 4*n - 3*n - 5*w - 100 = 0, 2*n = -w + 200. Calculate the highest common divisor of n and 120.
20
Let o(l) = 6*l**2 + 10*l + 13. Let p be o(-3). Calculate the highest common factor of 407 and p.
37
Let c be (3 + -1)/((-10)/(-185)). Let p = 42 - c. What is the highest common divisor of p and 15?
5
Suppose -13*j + 6633 = -4*j. Calculate the greatest common divisor of 67 and j.
67
Suppose -14*r - 42 = -20*r. Let o be -1*(-45 + (4 - 8)). Calculate the greatest common divisor of o and r.
7
Suppose -f - 2*j = 20, -3*f - 2*j = -0*j + 56. Let g = 3 - f. Calculate the highest common factor of g and 56.
7
Let i be 248/12 + (-2)/(-6). Let f = 37 + -33. Suppose -f*t = 6*j - 2*j, 3*j - 2*t - 15 = 0. What is the highest common factor of i and j?
3
Suppose -8*l + 2265 = 321. What is the greatest common factor of 108 and l?
27
Let i be (41 - 21)/(1 - 50/52). Calculate the highest common divisor of i and 8.
8
Suppose 232 = -5*m + 3*w, -2*m - 64 = 3*w + 12. Let u = m - -45. Calculate the highest common factor of 7 and u.
1
Let u(p) = -5*p - 94. Let v be u(-20). What is the highest common divisor of 18 and v?
6
Let v = -6 + 30. Calculate the greatest common divisor of 344 and v.
8
Let i(l) = -7*l - 1. Let k be i(-3). Suppose -3*t = t - 5*w - 625, 5*t = 3*w + 791. Calculate the highest common divisor of k and t.
20
Suppose -2*r + 28 = 4*h, 2*h - 20 = 2*r - 6*r. What is the highest common factor of h and 6?
6
Suppose -16 = -4*i + 4. Suppose 25 = -i*n, 4*g - 3*g + 2*n = -2. What is the highest common factor of g and 16?
8
Suppose -q = f - 48, 3*f - 201 = -5*q - 51. Let l be 1 - 4/((-20)/f). What is the greatest common divisor of l and 110?
10
Let d be ((-6)/10*3)/((-6)/180). Calculate the highest common divisor of 12 and d.
6
Let m be (-362)/(-8) + (-2)/8. Suppose -29*h = -59*h + 270. Calculate the highest common factor of m and h.
9
Suppose 0 = 8*s - 6*s. Let m be (-7 - -4)/(s + -1). Let u(i) = -2*i - 7. Let c be u(-5). What is the greatest common factor of m and c?
3
Suppose -8 = -3*j - x, j = 8*x - 3*x + 8. Suppose -j*d = -d - 66. What is the greatest common factor of d and 22?
11
Let a(r) = 8*r + 1. Let d be a(3). Let z = 30 - d. Let y be 9 - z - (-1 - 0). Calculate the greatest common factor of 50 and y.
5
Let w = -211 - -399. Calculate the highest common divisor of 141 and w.
47
Let w = -1729 + 1777. What is the greatest common factor of 720 and w?
48
Suppose 3*l - u = -l + 142, 2*l - 74 = -u. Let p = 7 + l. What is the greatest common factor of p and 301?
43
Let m(b) = b**3 + b**2 - 3*b + 48. Let q be m(0). Let h(n) = n**2 - 5*n - 2. Let x be h(7). Calculate the highest common factor of x and q.
12
Suppose -9*v - 24 = -17*v. Suppose 5*q - 87 = -v*s, -q = -0*q + 2*s - 16. Calculate the greatest common factor of q and 9.
9
Let z be (0 + 3 - 0)/(6/4). Suppose 0 = -2*t - z*b + 30, -2*b + 55 - 5 = 4*t. What is the greatest common divisor of 110 and t?
10
Let c(f) = -11*f - 2. Let s be c(-2). Suppose 122 = q + q - 2*z, -5*z + 31 = q. Suppose -544 - q = -6*x. What is the highest common factor of s and x?
20
Suppose 580 - 9820 = -15*y. Calculate the highest common factor of 56 and y.
56
Suppose -5 = b, -5*b + 4*b = -4*t + 25. Suppose 2*d = t*y + 25, -2*d + y = -0*d - 29. Suppose p - 141 = -6. Calculate the greatest common divisor of d and p.
15
Suppose 33*i - 1046 = 1726. Let w be -1 + 24 + 3 + -2. Calculate the greatest common factor of w and i.
12
Suppose 10 = k - p - 3, -p - 4 = 0. Calculate the greatest common factor of 51 and k.
3
Let q(u) = 73*u + 66. Let j be q(0). What is the greatest common factor of 99 and j?
33
Let v be (-3)/(1/140*-3). Let h = 70 + 6. Suppose 0 = 5*b - h - 24. Calculate the greatest common factor of b and v.
20
Suppose 8 = 4*r - 2*v + 2, -3*r + 2 = v. Let y be ((-2)/(-4))/(r/4). Calculate the highest common factor of 18 and y.
2
Let f(w) = w**3 + 9*w**2 + 14*w + 2. Let u be f(-7). Calculate the greatest common divisor of u and 26.
2
Suppose t = 2*z - 0*t - 118, 2*z + t - 118 = 0. Calculate the greatest common factor of 236 and z.
59
Suppose -2*w + 311 = w + 5*p, -4*p = 5*w - 514. Suppose 5*a = 3*c - 238, 2*a = 11 - 3. Let u = c - 52. What is the highest common divisor of w and u?
34
Suppose 0 = -7*r - 998 + 3028. What is the highest common divisor of r and 10?
10
Suppose -64*j = -3569 + 113. What is the greatest common factor of j and 6?
6
Let c(n) = -15*n - 87. Let d be c(-6). Calculate the greatest common factor of d and 6.
3
Let w be ((-6)/8)/(25/(-100)). Let j = -8 + 17. What is the highest common factor of j and w?
3
Suppose -3*f = 5*a - 27, -4*a - f - 7 = -5*a. What is the greatest common factor of a and 192?
6
Let v = 27 + -24. Suppose -5*o = 10, o + 16 = v*s - o. Calculate the greatest common divisor of 2 and s.
2
Let t = 134 - 130. Suppose 4*s - 31 = -15. What is the highest common divisor of s and t?
4
Let t be (-45)/(-2)*4/5. Let c(w) = -5*w**2 - 7*w + 24. Let q be c(8). Let z = 496 + q. What is the greatest common factor of t and z?
18
Let z = 1 + 5. Suppose s - z*s = 4*o - 91, o - 4 = 0. Let v = 31 - 1. What is the greatest common divisor of v and s?
15
Let d(u) = -u**2 - 5*u + 9. Let x be d(-5). Suppose -4*n = -4*o + 36, -3*o + x + 10 = n. What is the greatest common factor of 56 and o?
7
Let r be 2/(2 + -4)*-13. Suppose -r*u + 8*u - 75 = 0. Let k be (-1761)/u - (-8)/(-20). What is the highest common factor of k and 13?
13
Suppose -3*z - 2*r = -323, 3*z - 8*z = -5*r - 505. Let l = -29 + 71. What is the highest common divisor of l and z?
21
Suppose -12*x - 383 = -1307. What is the highest common divisor of x and 112?
7
Suppose -69 = -4*q + 4*x + 103, -166 = -4*q - 2*x. What is the greatest common divisor of q and 546?
42
Let a(x) = -2*x - 10. Let c be a(-13). Suppose 0 = 2*k - 56 + c. What is the highest common factor of 20 and k?
20
Suppose -242 = -4*u + 134. Let j = -49 + u. Let s(p) = 10*p**2 - 85*p - 30. Let v be s(9). What is the greatest common divisor of v and j?
15
Suppose -2*a + a = -6. Let w(h) = -h**3 - 2*h**2 - 4*h - 3. Let g be w(-2). Let i = a - g. What is the highest common divisor of 1 and i?
1
Let s = -6 + -4. Let l be (s/15)/(2/(-198)). Let z = -7 - -13. Calculate the greatest common factor of l and z.
6
Suppose -6*v - 57 = -x, -5*x + 3*v = 2*v - 140. Calculate the highest common divisor of x and 1728.
27
Suppose -3*w = -2*r - 40 - 5, 0 = -r. Calculate the greatest common factor of w and 27.
3
Suppose 0*p - p + 2 = 0. Suppose k = 4, 5*s - 42 = -p*k + 11. What is the greatest common factor of s and 9?
9
Let r(g) = g**2 - 27*g + 44. Let l be r(26). Calculate the greatest common divisor of l and 279.
9
Suppose 3*f + 20 = 8*f. Suppose f*w - 295 = 4*t + 533, 5*t = -2*w + 435. What is the greatest common factor of w and 42?
42
Suppose -4*v - 83 = 41. Let g = -33 - v. Let w = 12 - g. Calculate the greatest common divisor of w and 7.
7
Suppose -2450 - 8050 = -14*a. Calculate the greatest common factor of 75 and a.
75
Let j be (-47)/(-4)*31 - 61/244. Calculate the highest common factor of j and 224.
28
Suppose 0 = -15*u + 26*u - 693. What is the highest common divisor of u and 9?
9
Suppose -55*k + 12408 + 3267 = 0. Calculate the greatest common divisor of 15 and k.
15
Let j(v) = 3*v - 10. Let w be j(4). Let m be ((-52)/w - 1)*-6. Let q(o) = 6*o - 6. Let l be q(4). What is the highest common factor of l and m?
18
Let w(q) = 13*q**2 + q + 1. Let y be w(4). Let c = -105 + y. Calculate the highest common divisor of c and 27.
27
Suppose 0 = -v - 2*v + 27. Suppose -v = -3*s, 63 - 8 = 4*f + s. What is the greatest common factor of f and 130?
13
Let y(b) = -7*b - 5. Let g be y(-10). Suppose -6*i + i - g = 0. Let x(u) = -u - 3. Let p be x(i). Calculate the highest common divisor of p and 110.
10
Let v(p) = p**2 - 27*p - 67.